l?
2, 5
Suppose 1665507 = 94*v - 1557377. List the prime factors of v.
2, 7, 31, 79
What are the prime factors of (-32)/272 + 1935715/85 + 1*-5?
2, 1423
Let p be 3*(-6)/63 - (-18600)/(-21). Let l = p - -1721. What are the prime factors of l?
5, 167
Suppose -4*k = 4*x + 48 + 4, 0 = 5*x - k + 59. What are the prime factors of 4*(0 - 390/x)?
2, 5, 13
Let y = -20 + 20. Suppose -19*b + 1397 + 2156 = y. What are the prime factors of b?
11, 17
Let o = -33 - 55. Let x = 652 + o. List the prime factors of x.
2, 3, 47
Let k be (-101)/((10/(-21))/10). Suppose 0*j - s = -2*j + 1053, -5*s - k = -4*j. What are the prime factors of j?
2, 131
Let c = -17 + -160. Let z = c + 300. What are the prime factors of z?
3, 41
Suppose -30 = 2*a + 3*a. Let c(x) = 699 - 4*x + 6*x**2 + 0*x + x**2 - 712. What are the prime factors of c(a)?
263
Suppose -5*m = -3*v - 202, 61 + 95 = 4*m - v. Let a be 2/(-3) + (-678)/(-18). Suppose m*k = a*k + 130. List the prime factors of k.
2, 5, 13
Suppose 24*i + 3285942 = -479*i + 28494793. List the prime factors of i.
23, 2179
Suppose -25*w + 312 = -113. Suppose 0 = -w*l + 7178 + 6796. What are the prime factors of l?
2, 3, 137
List the prime factors of (-1 - 49/(-35))*5 - -9782.
2, 1223
Let w(h) be the third derivative of 227*h**5/60 + h**4/8 + h**3/6 - 33*h**2. List the prime factors of w(-1).
3, 5
Suppose 4*u - 5*i + 3105 = 0, 491 = 4*u - 4*i + 3595. Let s = -366 - u. What are the prime factors of s?
409
Suppose 0 = 15*f - 8*f - 6454. Let p = 82 + f. What are the prime factors of p?
2, 251
Let r be (-20)/(-8)*-358 + (5 - 0). Let v = 2430 + r. What are the prime factors of v?
2, 5, 7, 11
Let o be (-2)/(-4) + ((-38172)/(-8))/3. Suppose 10*r - o - 2869 = 0. List the prime factors of r.
2, 223
Suppose 2*j + t + 111675 = 6*j, 0 = 4*j - 5*t - 111671. What are the prime factors of j?
27919
Let w(u) be the first derivative of 38*u**4 + u**3/3 - 3*u**2/2 + 2*u - 6. Let c be ((-2)/3)/(44/(-66)). List the prime factors of w(c).
2, 19
Let p be 10/3*7/(-70)*-15. Suppose 5*q - 1164 = -3*t - 409, -302 = -2*q + p*t. What are the prime factors of q?
151
Let c(p) = 22*p**2 + 6*p - 57. Let v be c(-18). Suppose -w = 10*w - v. List the prime factors of w.
3, 211
Let t = -55171 + 79863. What are the prime factors of t?
2, 6173
Suppose 38 = -8*i + 14. Let s be (1 + i + 3)/(2/(-6)). Let o(u) = -5*u**3 - 2*u**2 + 3*u + 3. What are the prime factors of o(s)?
3, 37
Suppose -15*c = -0*c + 17040. Let n be (-28)/(-8)*c/(-28). Suppose -4*p = -4, -2*p = -2*z - n + 426. List the prime factors of z.
11, 13
Let t = -279 - -282. Suppose 5*m + 69 = -3*w + 305, 4*w = -4*m + 184. Let j = m - t. List the prime factors of j.
2, 23
Let s be 4/(-1*8/68). Let x be 2/4*17/(s/(-28)). Suppose -x*r + 20 = 4*y - 3*r, 3*r - 27 = -5*y. List the prime factors of y.
2, 3
Suppose -14 + 6 = -4*u, -881 = -3*w + 2*u. Suppose -10*x = -15*x + w. What are the prime factors of x?
59
Let l = -8446 - -16317. What are the prime factors of l?
17, 463
Suppose -3*d - 191 = -317. List the prime factors of (126/d)/((-6)/(-188)).
2, 47
Let a(c) = 523*c + 1172. List the prime factors of a(8).
2, 13, 103
Suppose -2006 = 3*b - 4*s, 0 = 4*b + 5*s - 1126 + 3842. Let a = b + 1150. What are the prime factors of a?
2, 7, 17
Suppose 0 = -3*p + 5*l + 39919, 83*l - 81*l = 3*p - 39913. What are the prime factors of p?
53, 251
Let r(u) be the second derivative of -25*u + 7/6*u**3 + 0 + u**2 + 5/3*u**4. List the prime factors of r(-3).
7, 23
List the prime factors of (-366 - 0)/(57/(-646)).
2, 17, 61
Let k be 195/60 - (-1)/(-4). Suppose -10*s = -k*s - 2534. What are the prime factors of s?
2, 181
Suppose -5*v + y + 15396 = 0, -4*y - 12795 = -5*v + 2589. Suppose -397*d = -401*d + v. What are the prime factors of d?
2, 5, 7, 11
Let f = 227 - 217. Suppose f*x - 777 = 7*x - 3*p, -5*x = -5*p - 1275. What are the prime factors of x?
257
What are the prime factors of 724/(-181) - (-38186 + 0)?
2, 17, 1123
Let n = 201 - 285. Let y = n + 129. Suppose -4*d = -3*l + 365, -5*l - 4*d = -y - 542. What are the prime factors of l?
7, 17
What are the prime factors of (3 + -4)*(-5 - -13 - 44296)?
2, 173
Let z be (2 - 1)/(-1)*140/(-14). Suppose 9*b - z*b - 5*n = -1116, 4*n = 3*b - 3329. What are the prime factors of b?
11, 101
Let a = 487 - 483. Suppose -a*j + 1387 - 223 = -4*s, -2*s - 291 = -j. What are the prime factors of j?
3, 97
Suppose 5*f + h + h = 8, -3*h - 11 = -4*f. Suppose -5*z - 3 = -f*z. What are the prime factors of 22 - ((3 - 6) + z)?
2, 13
Let y(h) = 817*h**3 + 2*h - 8. List the prime factors of y(2).
2, 23, 71
Let o = 1185 + -466. What are the prime factors of o?
719
Suppose 0 = 2*b + 6*b + 32. Let v(s) = -127*s - 38. What are the prime factors of v(b)?
2, 5, 47
Suppose 6096 = -543*p + 555*p. Let b = 11 + -8. Suppose -b*t - 70 = -p. What are the prime factors of t?
2, 73
Let n(s) = -13*s - 37. Let r be n(-9). Suppose -r*f = -83*f + 7020. Suppose 9*q = -4*q + f. List the prime factors of q.
2, 3, 5
Let t = 54562 + -36438. What are the prime factors of t?
2, 23, 197
Suppose -14*n + 4*n = -80. Suppose -5*x = 3*x + n. List the prime factors of 1 + x + 49 + 34/17.
3, 17
Let o(j) = j**2 + 21*j + 5. Let i be o(0). Suppose 0 = 3*q + i*t - 1631, 1651 = -10*q + 13*q - 5*t. What are the prime factors of q?
547
Let q = -44 + 56. Let h be (q/3 + -1)*6. Suppose 0 = h*f - 6*f - 720. List the prime factors of f.
2, 3, 5
Let h = 139 - 139. Suppose -2*v + 312 + 1092 = h. What are the prime factors of v?
2, 3, 13
List the prime factors of 18 + (-15 - -6) - -5107.
2, 1279
Let n = -355 - -375. Suppose n*d - 25229 + 3849 = 0. List the prime factors of d.
1069
Let r(z) = -z**2 - 18*z + 35. Suppose -5*f + 12 = -8. Suppose -2*p - 2*y - 42 = 0, -2*p + f*p = -y - 38. What are the prime factors of r(p)?
2, 13
Let u be (-3)/9*-6 - 5. Let k be ((-12)/30)/(u/15). Suppose 0 = -k*c - 0*c + 28. What are the prime factors of c?
2, 7
Let z(u) be the first derivative of 11*u**3 - 13*u**2/2 + 8*u + 10. What are the prime factors of z(4)?
2, 11
Suppose 0 = -183*m - 186*m + 90*m + 13118022. What are the prime factors of m?
2, 23509
Let g(j) = 6*j**2 - 5*j - 8. Let t be g(4). Let f be -1 + t - (6 - 6). Suppose 171 = 3*u + 3*b, -b - f = -u - 6. List the prime factors of u.
59
Suppose 4*f = -3*s + 111381, 5*s + 4*f - 2*f = 185663. List the prime factors of s.
5, 7, 1061
Suppose w - 2 = -0*w, 3*z - 4*w - 7744 = 0. Suppose 117*q - 113*q = z. What are the prime factors of q?
2, 17, 19
Suppose -5*a = -4*p + 22664 + 29470, 3*p - 39106 = a. What are the prime factors of p?
2, 3259
Let k(z) = 5*z**2 + 5*z - 10. Let l be k(7). Let s = 658 + -781. Let r = l + s. List the prime factors of r.
3, 7
Suppose 54*w = -16*w + 418740. What are the prime factors of w?
2, 3, 997
Suppose 5130 = -125*s + 130*s. Let f = -497 + s. What are the prime factors of f?
23
What are the prime factors of 375/(-6375) + 77538/17?
4561
Let t(b) = 410*b - 2837. List the prime factors of t(172).
3, 7, 11, 293
Let t = -73596 - -104728. List the prime factors of t.
2, 43, 181
Let o = 15739 + -15138. List the prime factors of o.
601
Let s = 639 - 444. List the prime factors of s + 0 - 8/2.
191
Suppose 0 = -z + 350*m - 349*m + 23721, 5*z + 5*m - 118675 = 0. What are the prime factors of z?
2, 1483
Let v(x) = -11*x**2 - 2*x - 11. Let y(g) = g**2 + g. Let t(n) = v(n) - y(n). Let l be t(5). Let j = l - -457. List the prime factors of j.
131
Let b(p) = -2*p + 3. Let u be b(-4). Suppose u*w = 8*w + 225. Suppose 3*m - w = -z, -5*z + m = -142 - 169. List the prime factors of z.
3, 7
Let m be 1*-1 - 35991/(-31). Let p = m + -544. What are the prime factors of p?
2, 7, 11
What are the prime factors of 12*(-23)/(1012/(-23925))?
3, 5, 29
Let q be -18*(14/77 - (-146328)/(-33)). List the prime factors of q/(-270)*5/(-2).
739
Suppose 4*o + 4 = 0, 5*x = x - o + 21551. List the prime factors of x.
2, 3, 449
Let f(i) = 5*i**2 - 5*i - 3. Let b be f(-3). Let v be 71 + (10 + -2 - -1). Let g = v - b. What are the prime factors of g?
23
Suppose -82 + 10 = 5*r + 3*o, -4*o = 2*r + 40. Suppose 5*h - 27 + 7 = 2*w, h = 4*w + 4. What are the prime factors of 140 - 1 - (r/(-6) - w)?
137
Let i = -607 - -1130. Suppose -529*c + i*c + 4266 = 0. What are the prime factors of c?
3, 79
Let g = 84473 - 50279. What are the prime facto